*u + 20. Is 13 a factor of p(-15)?
True
Let i = 55 + -53. Does 4 divide 4/(24/75)*i?
False
Suppose -4*u = 3*i - 1403, 5*i + 5*u - 1531 - 804 = 0. Is i a multiple of 5?
True
Suppose 0 = -j + 115 - 31. Suppose j = 2*m + 3*u + 15, m - 4*u - 62 = 0. Is 12 a factor of m?
False
Suppose 0 = 4*g - 7*g + 453. Suppose -21 = 5*x - g. Let p = x - 14. Does 5 divide p?
False
Let l = 2 - 0. Suppose 5*g + 0*c = c + 98, -3*g - l*c + 64 = 0. Is g a multiple of 10?
True
Let l(k) = k**2 + 18*k + 37. Let t be l(-16). Suppose t*m - 265 = 3*g, 3*m = 2*g - 12 + 171. Is m a multiple of 11?
False
Suppose -12*p = -7*p - 720. Suppose q - 66 = p. Does 52 divide q?
False
Suppose -4*x + 2360 = 5*j, 0 = 3*j - j - 2*x - 926. Suppose 13*c - j = 390. Does 33 divide c?
True
Let n be 134/((-2)/(-2 - -1)). Suppose -2*o - 4*v = -120, 2*v - n = -o + 7*v. Does 5 divide o?
False
Suppose -390 = 3*h + 2*h. Let f = h - -173. Does 22 divide f?
False
Suppose 2*x + 4*g = 3*x - 88, 4*x - 2*g - 338 = 0. Suppose 0 = -3*d + x + 57. Is d a multiple of 4?
False
Let g = 8 - -259. Is 5 a factor of 8/28 - g/(-21)?
False
Suppose j - 3*u = -8*u + 7, -4*j + 3*u = -28. Suppose -r = -j - 9. Suppose -f = f - r. Is 5 a factor of f?
False
Let h(s) = 147*s**2 + 1. Let d(j) = j**3 + 5*j**2 + j + 6. Let f be d(-5). Let u be h(f). Suppose 0 = -5*z + 3*t - 4*t + 173, -4*z + u = -4*t. Does 14 divide z?
False
Let f = -1 + 2. Let o(n) = 1 + 0 + 8*n**2 + 2*n**2. Is 3 a factor of o(f)?
False
Let w(c) = 12*c - 89. Does 15 divide w(11)?
False
Let b(c) = -136*c**3 + c + 2. Let o be b(-1). Suppose -3*y + o = -55. Is 28 a factor of y?
False
Let i be 2/(-13) + 110/(-130). Is (i - (-7)/(-3))*-66 a multiple of 44?
True
Let b(d) = 4*d - 3. Suppose -6 = 5*s + 4, 0 = 2*f - s + 10. Let c be b(f). Let z = c + 69. Is z a multiple of 15?
False
Let w be -103 - (12/2)/(-2). Let b(t) = -t. Let d be b(-5). Does 4 divide -30*d/(w/8)?
True
Let a(j) = j**2 - 4*j + 7. Suppose 4*o = 3 - 7. Let d = 6 - o. Is a(d) a multiple of 5?
False
Suppose -6*b = -2*b - 192. Suppose b + 24 = 6*i. Does 3 divide i?
True
Suppose -3*n - 5*o = -3398, -5*n + 5*o + 4245 + 1405 = 0. Does 44 divide n?
False
Let p = -6 + 8. Let m(b) = -b - 14. Let n be m(-9). Does 2 divide p - 1 - (n - 1)?
False
Let w be -1 + 3 + 0 + 16. Is (-81)/(w/(-24) - 2/8) a multiple of 9?
True
Suppose -2689 - 5006 = -19*v. Does 9 divide v?
True
Suppose -21*p + 3582 = -1962. Is 24 a factor of p?
True
Let a = 809 - 187. Is a a multiple of 25?
False
Let p be (-5 - -46) + -5*1. Suppose -p = -2*w + 92. Is w a multiple of 32?
True
Let o(r) = 5*r**2 - 3*r + 5. Let w be 3/(-2)*4/(-3). Does 4 divide o(w)?
False
Let l(y) = -y**3 + y**2 - 2*y. Let z be l(2). Let d = -1 - z. Let j = 22 - d. Does 5 divide j?
True
Suppose -3*b - 184 = -5*k, 3*k - 7*b - 122 = -11*b. Suppose -81 - 8 = -w. Let o = w - k. Is o a multiple of 16?
False
Let x = -7 - -14. Suppose -8 = -x*o + 2*o - 2*u, -5*o + 3*u + 13 = 0. Suppose 0*p + 7 = p + 5*h, -o*p + 58 = -h. Is p a multiple of 9?
True
Suppose 7325 = 14*t + 11*t. Is t a multiple of 15?
False
Let n(u) = 4*u + 28. Let b be n(14). Suppose 7*f - 1232 = b. Does 35 divide f?
False
Let w be ((-10)/6)/((-8)/24). Suppose w*p - 111 = 99. Does 16 divide p?
False
Let t(b) = b**2 - b. Let f(k) = -4*k**2 + 2*k + 8. Let z(m) = -f(m) - t(m). Let r be z(-3). Is 27 a factor of (-9)/6*(4 - r)?
True
Suppose -17*t + 2912 = -3*t. Is t a multiple of 14?
False
Suppose -43326 = -16*f + 16434. Is 68 a factor of f?
False
Let q = 281 - 95. Is q a multiple of 12?
False
Let v be 38/5 + (-21)/35. Suppose -g + v = -3*p, 3*p = -4*g - 0*p + 13. Suppose 12 = 5*n - 3*d - 100, -2*d - 88 = -g*n. Does 6 divide n?
False
Suppose -a = 215 - 599. Is 48 a factor of a?
True
Suppose -5*f = -5*n + 75, -4*n + 3*f + 73 = n. Let d = 17 - n. Is (12 - 0) + -7 + d even?
True
Suppose -4*j = 2*i - 1140, 0 = 4*j + 5*i - 569 - 571. Does 15 divide j?
True
Let x = 685 - 495. Does 19 divide x?
True
Let h be (-2)/(-13) - 2754/(-13). Let m = h - 147. Is 30 a factor of m?
False
Suppose -2*q + t + 56 = 0, 2*q = 3*t + t + 56. Is q a multiple of 28?
True
Let u = 729 - 146. Suppose -5*g - 2*q = -6*q - u, g - 4*q = 123. Is 19 a factor of g?
False
Let o(p) = 7*p**3 - 6*p**2 - 3*p - 38. Is 16 a factor of o(7)?
True
Does 5 divide 1/8 + (2421/24 - -4)?
True
Suppose 1138 = 2*b - 6*s + 10*s, -2825 = -5*b - 5*s. Is b a multiple of 17?
True
Let w(q) = 4 + 3*q**2 - 5 + 2*q + 1 + q**3. Let s be w(-2). Suppose c + 3*c - 48 = s. Is c a multiple of 2?
True
Let s be (-5)/2*24/(-30). Suppose -3 - 13 = s*z + v, -4*v + 66 = -5*z. Does 7 divide 4/z - 321/(-15)?
True
Suppose 5*s + 4*c - 315 = 0, -5*c + 205 + 56 = 4*s. Is s even?
False
Let x(s) = -3*s**3 + 15*s**2 - 16*s + 18. Let b(a) = a**3. Let u(p) = -2*b(p) - x(p). Let l be u(14). Suppose 0 = y - 34 - l. Does 11 divide y?
True
Let l = 190 - 80. Is 36 a factor of l?
False
Suppose -3*f + 0*f + 110 = h, -2*h - f = -230. Suppose -l - k + 41 - 16 = 0, 5*l + 2*k = h. Is 11 a factor of l?
True
Let g be 30/45 - (-2)/(-3). Suppose -3*v = 4*a - 135, a + 248 = -g*v + 5*v. Let z = v - 27. Is 19 a factor of z?
False
Is 14 a factor of 97933/99 - (-2)/(-9)?
False
Let c be -4*2/(-8) - 1. Let b be -3 - (-31 + c/(-4)). Suppose -2*i = 3*g - b, 3*i - 10 + 3 = -g. Does 5 divide g?
True
Let y(q) = -q - 4. Suppose 4*n - 6 + 30 = 0. Let h be y(n). Does 29 divide (-54)/(h - 32/12)?
False
Suppose 3928 - 213 = 5*t. Is t a multiple of 52?
False
Let i be ((-1295)/(7 + -2))/(-1). Suppose 3*q - 263 = -5*s - 0*s, -4*q = 5*s - i. Is (-1)/(109/s + -2) a multiple of 11?
True
Let i(l) be the first derivative of -l**3/3 - 5*l**2/2 - 2*l + 3. Let m be i(-4). Does 14 divide 175/m*(-20)/(-25)?
True
Let s(m) = 215*m + 2. Let a be s(1). Let r = 396 - a. Is r a multiple of 34?
False
Let q = -306 - -570. Is q a multiple of 11?
True
Let z = 13 - 10. Suppose -4*d = d - 5, 237 = 5*r - z*d. Is r a multiple of 16?
True
Let c(i) = 40*i + 4. Let u be c(2). Suppose 0 = 4*b - 3*b - u. Does 21 divide b?
True
Let b(f) = -3*f**2 - 8*f + 10. Let s be b(-5). Is 13 a factor of (-4 - 2165/s) + 2/5?
False
Suppose -3*x - 4*c + 5831 = 0, x + 8*c = 5*c + 1937. Is x a multiple of 33?
False
Suppose q = 12 + 36. Is (-14)/(q/(-21) - -2) a multiple of 28?
False
Let w = 1148 + -738. Is w a multiple of 5?
True
Suppose -36125 = 25*j - 42*j. Does 25 divide j?
True
Suppose -4*s - 99 - 29 = i, -3*s - 109 = 4*i. Let q = s + 22. Let u = q - -19. Does 10 divide u?
True
Let o(h) be the first derivative of 25*h**2/2 + 10*h - 19. Is o(4) a multiple of 11?
True
Let c = -8660 - -12276. Is c a multiple of 65?
False
Suppose -19*t + 21*t - 56 = -2*h, 117 = 4*t - h. Is 9 a factor of t?
False
Let h(i) = i**3 + 10*i**2 + i + 16. Let d be h(-10). Let z(n) = -n**3 + 9*n**2 - 12. Does 32 divide z(d)?
True
Let q = 13 - -157. Does 17 divide q?
True
Suppose 6624 = 11*g - 3*g. Does 12 divide g?
True
Let n(i) = -84*i + 97. Is 61 a factor of n(-17)?
True
Suppose -129*n + 170*n - 46945 = 0. Is n a multiple of 82?
False
Suppose 2*u = 2*s + 4, -5*u + 14 = 2*s - 17. Let j = 39 + s. Does 14 divide j?
True
Let d(i) = -i**2 - 8*i - 10. Let a be d(-5). Let f be (-2)/6 - 2824/(-12). Suppose -4*w = q - f, -w = -a*w + 3*q + 255. Does 24 divide w?
False
Let y(n) = 7*n + 48. Let c be y(-10). Is 21 + c + 24 + 0 a multiple of 23?
True
Let g(n) = 90*n**2 - n + 2. Is g(2) a multiple of 18?
True
Let s(j) = 727*j - 361*j - 4 + 4*j**2 - 367*j. Suppose i - d = -0*i - 5, 0 = -5*i + 2*d - 19. Does 7 divide s(i)?
True
Let q(y) = -2*y**3 - 17*y**2 - 9*y - 12. Let v be q(-8). Let g(l) = -12*l + 7. Does 7 divide g(v)?
False
Suppose r - 94 = -4*k, 33*k - 28*k - r - 113 = 0. Is 6 a factor of k?
False
Suppose -2*d - 1951 = -3*k + 1747, -4*k = 4*d - 4924. Is k a multiple of 56?
True
Let b = -179 - -282. Let i = b + -59. Does 5 divide i?
False
Let o be 12 - ((2 - 2) + -2). Suppose -5*l - 774 = -o*l. Is 35 a factor of l?
False
Suppose 4*n = 9 + 15. Suppose -5*w + n*w - 14 = 0. Is 8 a factor of w?
False
Suppose s = 48 + 76. Suppose -s = -t + 149. Is t a multiple of 28?
False
Let p be 2/10 + 1686/(-30). Let f be (-6)/14 - 3216/p. Suppose -i + 2*i = f. Does 19 divide i?
True
Suppose 3*j - q - 43 - 142 = 0, 40 = j + 4*q. Suppose -7*i = -9*i + j. Does 15 divide i?
True
Suppose -4*l = -20*g + 17*g - 51, -g - 61 = -5*l. Is l a multipl